{"id":1977,"date":"2022-10-04T21:18:48","date_gmt":"2022-10-04T20:18:48","guid":{"rendered":"https:\/\/sarajevogreendesign.com\/sgd2022\/?page_id=1977"},"modified":"2022-10-10T14:53:59","modified_gmt":"2022-10-10T13:53:59","slug":"senada-demirovic","status":"publish","type":"page","link":"https:\/\/sarajevogreendesign.com\/sgd2022\/speakers\/biographies\/senada-demirovic\/","title":{"rendered":"Senada Demirovi\u0107"},"content":{"rendered":"\n<div class=\"wp-container-4 wp-block-columns\">\n<div class=\"wp-container-1 wp-block-column homeback\" style=\"flex-basis:33.33%\">\n<p class=\"has-small-font-size\"><a href=\"https:\/\/sarajevogreendesign.com\/sgd2022\/speakers\/biographies\/elma-durmisevic\/\" data-type=\"page\" data-id=\"223\"><\/a><a href=\"https:\/\/sarajevogreendesign.com\/sgd2022\/speakers\/biographies\/elma-durmisevic\/\" data-type=\"page\" data-id=\"223\"><a href=\"https:\/\/sarajevogreendesign.com\/sgd2022\/speakers\/biographies\/elma-durmisevic\/\">Elma Durmisevic<\/a><br><a href=\"https:\/\/sarajevogreendesign.com\/sgd2022\/speakers\/biographies\/mario-kordic\/\">Mario Kordic<br><\/a><a href=\"https:\/\/sarajevogreendesign.com\/sgd2022\/speakers\/biographies\/senada-demirovic\/\">Senada Demirovic<br><\/a><a href=\"https:\/\/sarajevogreendesign.com\/sgd2022\/speakers\/biographies\/ruth-schagemann\/\">Ruth Schagemann<br><\/a><a href=\"https:\/\/sarajevogreendesign.com\/sgd2022\/speakers\/biographies\/duncan-baker-brown\/\">Duncan Baker-Brown<br><\/a><a href=\"https:\/\/sarajevogreendesign.com\/sgd2022\/speakers\/biographies\/jean-yves-marie\/\">Jean Yves Marie<br><\/a><a href=\"https:\/\/sarajevogreendesign.com\/sgd2022\/speakers\/biographies\/dominik-breitfus\/\">Dominik Breitfu\u00df<br><\/a><a href=\"https:\/\/sarajevogreendesign.com\/sgd2022\/speakers\/biographies\/birgul-colakoglu\/\">Birgul Colakoglu<br><\/a><a href=\"https:\/\/sarajevogreendesign.com\/sgd2022\/speakers\/biographies\/carl-backstrand\/\">Carl B\u00e4ckstrand<br><\/a><a href=\"https:\/\/sarajevogreendesign.com\/sgd2022\/speakers\/biographies\/selma-harrington\/\">Selma Harrington<br><\/a><a href=\"https:\/\/sarajevogreendesign.com\/sgd2022\/speakers\/biographies\/natasa-tabor\/\">Natasa Tabor<br><\/a><a href=\"https:\/\/sarajevogreendesign.com\/sgd2022\/speakers\/biographies\/igor-kuvac\/\">Igor Kuvac<br><\/a><a href=\"https:\/\/sarajevogreendesign.com\/sgd2022\/speakers\/biographies\/sanela-klaric\/\">Sanela Klaric<br><\/a><a href=\"https:\/\/sarajevogreendesign.com\/sgd2022\/speakers\/biographies\/gil-peled\/\">Gil Peled<br><\/a><a href=\"https:\/\/sarajevogreendesign.com\/sgd2022\/speakers\/biographies\/damir-androsevic\/\">Damir Androsevic<\/a><\/a><\/p>\n<\/div>\n\n\n\n<div class=\"wp-container-2 wp-block-column homeback\" style=\"flex-basis:66.66%\">\n<p class=\"has-medium-font-size\"><strong>Senada Demirovi\u0107<\/strong><\/p>\n\n\n\n<figure class=\"wp-block-image size-full\"><img loading=\"lazy\" width=\"256\" height=\"185\" src=\"http:\/\/sarajevogreendesign.com\/sgd2022\/wp-content\/uploads\/2022\/10\/sgd2022_o2.jpg\" alt=\"\" class=\"wp-image-1837\"\/><\/figure>\n\n\n\n<p><strong>Senada Demirovi\u0107 Habibija<\/strong> is PhD architect from Mostar, born on April 30th 1975. She studied architecture in Morocco, Bosnia and Herzegovina and Denmark. She is employed in the city administration of the City of Mostar as an expert advisor for urban planning. From 2000 to 2003, she worked as an architect in the Mostar\u2019s Aga Khan Trust for Culture and the World Monuments Fund office, on the reconstruction of the cultural heritage of Mostar and Herzegovina region. In the period from 2012 to 2018, she was a curator at the Center for Architecture, Dialogue and Art ADA Mostar, and in 2019 she founded an association \u201cUrban House IDEAA\u201d, a laboratory that explores the important relationship between design, emotional state and spatial-social needs of the society. She is a lecturer at the University &#8220;D\u017eemal Bijedi\u0107&#8221; Mostar in the study program &#8220;Interior Design&#8221;.<br>From the beginning of her career until today, she has been involved in a large number of local and international projects, educational programs and conferences, and she has been the organizer of a significant number of architectural events in Mostar. The two projects in which she participated, which are historically significant for post-war Mostar, are the inscription of Mostar on the UNESCO World Heritage List (2005) and the candidacy of the city of Mostar for the European Capital of Culture 2024 (2019). She has published a significant number of scientific papers, and her first book is currently being prepared. She actively speaks English, French and Italian. She is the mother of three children.<\/p>\n<\/div>\n\n\n\n<div class=\"wp-container-3 wp-block-column homeback\" style=\"flex-basis:66.66%\">\n<div style=\"height:70px\" aria-hidden=\"true\" class=\"wp-block-spacer\"><\/div>\n\n\n\n<p><strong>Lecture series:<\/strong><br><strong>Future Perspectives<\/strong><br><strong>18:00 h<\/strong><br><strong>Day tree<\/strong><\/p>\n\n\n\n<div style=\"height:100px\" aria-hidden=\"true\" class=\"wp-block-spacer\"><\/div>\n\n\n\n<figure class=\"wp-block-image size-full\"><img loading=\"lazy\" width=\"325\" height=\"309\" src=\"http:\/\/sarajevogreendesign.com\/sgd2022\/wp-content\/uploads\/2022\/10\/sgd2022_sd_1.jpg\" alt=\"\" class=\"wp-image-1978\" srcset=\"https:\/\/sarajevogreendesign.com\/sgd2022\/wp-content\/uploads\/2022\/10\/sgd2022_sd_1.jpg 325w, https:\/\/sarajevogreendesign.com\/sgd2022\/wp-content\/uploads\/2022\/10\/sgd2022_sd_1-300x285.jpg 300w\" sizes=\"(max-width: 325px) 100vw, 325px\" \/><\/figure>\n\n\n\n<p><strong>Urban reconstruction in continuity &#8211; Mostar as a new experience<\/strong><\/p>\n\n\n\n<p>&#8220;The city of Mostar lives on the river and its banks for centuries. The Neretva River adorns Mostar but also divides it into two banks. Apart from the Neretva River, which naturally separates Mostar, the man made an artificial division almost 30 years ago along the&nbsp; road known as the Boulevard. This physical division caused Mostar to be divided socially, ethnically, culturally and at every other level.&nbsp; In order for the city to experience catharsis and create new values, it is necessary to be understood rather than built, because the city is not just buildings and streets, the city is much more, it is a mosaic of stories and narratives. Culture can be the driver force of a change and the creator of a new healthy and creative environment where development strategies based on culture and the creative industries can overcome the trauma of division and provide this city with a prosperous future archiving spatial, social and experiential continuity.&#8221;<\/p>\n<\/div>\n<\/div>\n","protected":false},"excerpt":{"rendered":"<p>Elma DurmisevicMario KordicSenada DemirovicRuth SchagemannDuncan Baker-BrownJean Yves MarieDominik Breitfu\u00dfBirgul ColakogluCarl B\u00e4ckstrandSelma HarringtonNatasa TaborIgor KuvacSanela KlaricGil PeledDamir Androsevic Senada Demirovi\u0107 Senada Demirovi\u0107 Habibija is PhD architect from Mostar, born on April 30th 1975. She studied architecture in Morocco, Bosnia and Herzegovina and Denmark. She is employed in the city administration of the City of Mostar as &#8230; <a class=\"read-more\" href=\"https:\/\/sarajevogreendesign.com\/sgd2022\/speakers\/biographies\/senada-demirovic\/\">Read more<\/a><\/p>\n","protected":false},"author":1,"featured_media":0,"parent":101,"menu_order":0,"comment_status":"closed","ping_status":"closed","template":"","meta":[],"_links":{"self":[{"href":"https:\/\/sarajevogreendesign.com\/sgd2022\/wp-json\/wp\/v2\/pages\/1977"}],"collection":[{"href":"https:\/\/sarajevogreendesign.com\/sgd2022\/wp-json\/wp\/v2\/pages"}],"about":[{"href":"https:\/\/sarajevogreendesign.com\/sgd2022\/wp-json\/wp\/v2\/types\/page"}],"author":[{"embeddable":true,"href":"https:\/\/sarajevogreendesign.com\/sgd2022\/wp-json\/wp\/v2\/users\/1"}],"replies":[{"embeddable":true,"href":"https:\/\/sarajevogreendesign.com\/sgd2022\/wp-json\/wp\/v2\/comments?post=1977"}],"version-history":[{"count":5,"href":"https:\/\/sarajevogreendesign.com\/sgd2022\/wp-json\/wp\/v2\/pages\/1977\/revisions"}],"predecessor-version":[{"id":2183,"href":"https:\/\/sarajevogreendesign.com\/sgd2022\/wp-json\/wp\/v2\/pages\/1977\/revisions\/2183"}],"up":[{"embeddable":true,"href":"https:\/\/sarajevogreendesign.com\/sgd2022\/wp-json\/wp\/v2\/pages\/101"}],"wp:attachment":[{"href":"https:\/\/sarajevogreendesign.com\/sgd2022\/wp-json\/wp\/v2\/media?parent=1977"}],"curies":[{"name":"wp","href":"https:\/\/api.w.org\/{rel}","templated":true}]}}